
What is the hundreds digit of 100121?
1
What is the tens digit of 489?
8
What is the tens digit of 4937?
3
What is the hundreds digit of 15861?
8
What is the tens digit of 2464?
6
What is the tens digit of 619?
1
What is the tens digit of 28?
2
What is the hundreds digit of 378?
3
What is the units digit of 787?
7
What is the units digit of 1033?
3
What is the units digit of 3310?
0
What is the units digit of 6301?
1
What is the thousands digit of 4649?
4
What is the thousands digit of 17516?
7
What is the thousands digit of 1961?
1
What is the tens digit of 1571?
7
What is the units digit of 1366?
6
What is the tens digit of 60473?
7
What is the hundred thousands digit of 154425?
1
What is the hundreds digit of 307?
3
What is the thousands digit of 1096?
1
What is the ten thousands digit of 41555?
4
What is the hundreds digit of 902?
9
What is the units digit of 51904?
4
What is the hundreds digit of 1798?
7
What is the thousands digit of 27369?
7
What is the units digit of 120247?
7
What is the tens digit of 543?
4
What is the ten thousands digit of 23364?
2
What is the units digit of 10420?
0
What is the tens digit of 501?
0
What is the ten thousands digit of 37114?
3
What is the hundreds digit of 1491?
4
What is the thousands digit of 1592?
1
What is the tens digit of 1312?
1
What is the ten thousands digit of 24582?
2
What is the tens digit of 2025?
2
What is the thousands digit of 8441?
8
What is the units digit of 12921?
1
What is the hundreds digit of 1246?
2
What is the units digit of 29486?
6
What is the thousands digit of 10156?
0
What is the ten thousands digit of 155903?
5
What is the tens digit of 3613?
1
What is the thousands digit of 67269?
7
What is the units digit of 50937?
7
What is the tens digit of 11995?
9
What is the hundreds digit of 15831?
8
What is the units digit of 756?
6
What is the ten thousands digit of 11006?
1
What is the hundreds digit of 1678?
6
What is the hundreds digit of 4687?
6
What is the hundreds digit of 85025?
0
What is the hundreds digit of 53928?
9
What is the hundreds digit of 4925?
9
What is the thousands digit of 4407?
4
What is the thousands digit of 6235?
6
What is the thousands digit of 36842?
6
What is the hundreds digit of 1160?
1
What is the tens digit of 15010?
1
What is the tens digit of 6944?
4
What is the thousands digit of 1162?
1
What is the units digit of 13268?
8
What is the thousands digit of 5455?
5
What is the ten thousands digit of 44724?
4
What is the tens digit of 306?
0
What is the ten thousands digit of 52365?
5
What is the tens digit of 3447?
4
What is the units digit of 37318?
8
What is the units digit of 15806?
6
What is the units digit of 660?
0
What is the tens digit of 349?
4
What is the hundreds digit of 552?
5
What is the tens digit of 53416?
1
What is the hundreds digit of 1455?
4
What is the units digit of 79?
9
What is the hundreds digit of 12404?
4
What is the hundreds digit of 5902?
9
What is the thousands digit of 2160?
2
What is the tens digit of 7443?
4
What is the hundreds digit of 7860?
8
What is the thousands digit of 1819?
1
What is the thousands digit of 3434?
3
What is the tens digit of 7315?
1
What is the tens digit of 3710?
1
What is the hundreds digit of 192?
1
What is the tens digit of 3520?
2
What is the hundreds digit of 93201?
2
What is the hundreds digit of 186474?
4
What is the ten thousands digit of 87473?
8
What is the thousands digit of 91330?
1
What is the ten thousands digit of 15318?
1
What is the ten thousands digit of 54890?
5
What is the thousands digit of 1119?
1
What is the thousands digit of 1691?
1
What is the tens digit of 225?
2
What is the units digit of 17721?
1
What is the tens digit of 5055?
5
What is the thousands digit of 5150?
5
What is the thousands digit of 10483?
0
What is the units digit of 84510?
0
What is the tens digit of 32565?
6
What is the units digit of 192?
2
What is the hundreds digit of 1201?
2
What is the tens digit of 5270?
7
What is the hundreds digit of 2667?
6
What is the tens digit of 2278?
7
What is the hundreds digit of 31038?
0
What is the hundreds digit of 556?
5
What is the units digit of 3610?
0
What is the thousands digit of 13635?
3
What is the hundreds digit of 226?
2
What is the tens digit of 725?
2
What is the units digit of 9816?
6
What is the tens digit of 1464?
6
What is the tens digit of 2360?
6
What is the tens digit of 529?
2
What is the units digit of 120316?
6
What is the tens digit of 3115?
1
What is the hundreds digit of 35747?
7
What is the ten thousands digit of 69507?
6
What is the tens digit of 90887?
8
What is the hundreds digit of 793?
7
What is the thousands digit of 213527?
3
What is the units digit of 12690?
0
What is the tens digit of 217?
1
What is the units digit of 4287?
7
What is the tens digit of 7265?
6
What is the hundreds digit of 152275?
2
What is the tens digit of 1354?
5
What is the hundreds digit of 4623?
6
What is the units digit of 759?
9
What is the hundreds digit of 4346?
3
What is the thousands digit of 1852?
1
What is the hundred thousands digit of 156481?
1
What is the thousands digit of 5420?
5
What is the hundreds digit of 612?
6
What is the tens digit of 789?
8
What is the hundreds digit of 98080?
0
What is the hundreds digit of 124?
1
What is the ten thousands digit of 76239?
7
What is the thousands digit of 6578?
6
What is the tens digit of 401?
0
What is the tens digit of 12254?
5
What is the units digit of 987?
7
What is the units digit of 13716?
6
What is the hundreds digit of 21708?
7
What is the units digit of 60?
0
What is the hundreds digit of 8825?
8
What is the thousands digit of 13300?
3
What is the tens digit of 59487?
8
What is the tens digit of 12822?
2
What is the hundreds digit of 2867?
8
What is the units digit of 3004?
4
What is the ten thousands digit of 86381?
8
What is the tens digit of 5906?
0
What is the thousands digit of 21164?
1
What is the units digit of 303?
3
What is the hundreds digit of 1092?
0
What is the thousands digit of 32393?
2
What is the units digit of 60461?
1
What is the units digit of 827?
7
What is the tens digit of 75455?
5
What is the tens digit of 845?
4
What is the thousands digit of 3943?
3
What is the ten thousands digit of 13572?
1
What is the thousands digit of 2400?
2
What is the hundreds digit of 5076?
0
What is the hundreds digit of 121078?
0
What is the tens digit of 358?
5
What is the thousands digit of 5853?
5
What is the units digit of 983?
3
What is the thousands digit of 63817?
3
What is the hundreds digit of 1182?
1
What is the ten thousands digit of 10474?
1
What is the units digit of 4359?
9
What is the hundreds digit of 77761?
7
What is the hundreds digit of 1411?
4
What is the units digit of 142?
2
What is the units digit of 10?
0
What is the units digit of 1240?
0
What is the ten thousands digit of 89284?
8
What is the ten thousands digit of 41408?
4
What is the tens digit of 85287?
8
What is the ten thousands digit of 10019?
1
What is the units digit of 8145?
5
What is the units digit of 10267?
7
What is the units digit of 38?
8
What is the tens digit of 2727?
2
What is the units digit of 42014?
4
What is the units digit of 4039?
9
What is the units digit of 9687?
7
What is the thousands digit of 1861?
1
What is the ten thousands digit of 17532?
1
What is the hundreds digit of 2402?
4
What is the hundreds digit of 871?
8
What is the hundreds digit of 1774?
7
What is the tens digit of 306?
0
What is the tens digit of 1239?
3
What is the hundreds digit of 4071?
0
What is the hundreds digit of 1145?
1
What is the tens digit of 55?
5
What is the units digit of 2404?
4
What is the units digit of 72942?
2
What is the hundreds digit of 300?
3
What is the units digit of 2032?
2
What is the units digit of 16138?
8
What is the tens digit of 2563?
6
What is the units digit of 2240?
0
What is the ten thousands digit of 23202?
2
What is the hundreds digit of 5007?
0
What is the hundreds digit of 250?
2
What is the units digit of 2938?
8
What is the units digit of 9589?
9
What is the units digit of 21299?
9
What is the ten thousands digit of 19901?
1
What is the hundreds digit of 35728?
7
What is the hundreds digit of 11075?
0
What is the thousands digit of 2133?
2
What is the hundreds digit